mainder when 75 is divided by n.
15
Let r be ((-34)/6)/(-1)*3. What is the remainder when 55 is divided by 2/2 + (r - -4 - 3)?
17
Let l(m) = 3*m**3 - m**2 - 9*m - 8. Let u(a) = -4*a**3 + 11*a + 7. Let j(s) = -3*l(s) - 2*u(s). What is the remainder when 68 is divided by j(4)?
12
Suppose 7 = -3*g - 5, 2*z - 94 = 3*g. Calculate the remainder when z is divided by 5.
1
Let f be 6/1 + (-3 - -2). Let b = 30 - f. What is the remainder when -4*66/4*(-21)/14 is divided by b?
24
Suppose -1 - 2 = -p. Suppose -5*f = -q - q - 32, 3*q = p*f - 21. Calculate the remainder when 31 + f/9*3 is divided by 18.
15
Let b(s) = -13 - 13 + 8*s - 11*s - 8. Calculate the remainder when 74 is divided by b(-15).
8
Let w(b) = -b**3 - 35*b**2 - 65*b + 48. Calculate the remainder when 36 is divided by w(-33).
6
Let a be 8/3*(-9)/4. What is the remainder when (-4)/(-12) - 160/a is divided by 7?
6
Suppose 0 = -p + 2*i + 14, 4*p - 12 = -0*i - 3*i. What is the remainder when 5 is divided by (-3)/p + (-35)/(-10)?
2
Let m(d) = 3*d**2 - 4*d. Let b be m(3). Let i = -197 - -197. Let j = i + b. What is the remainder when 42 is divided by j?
12
Let o(r) = -r**2 + 3*r - 4. Let i(m) = m**2 - m. Let c(t) = 2*i(t) + o(t). Calculate the remainder when 50 is divided by c(5).
24
Suppose 3*r - 33 - 15 = 0. Suppose -r = p - 5*p. Calculate the remainder when 13 is divided by ((-14)/8)/((-1)/p).
6
Suppose 3*i - 5 = 1. Suppose i*x - 24 = 34. Let j = 6 - -2. Calculate the remainder when x is divided by j.
5
Let u = -248 - -261. Calculate the remainder when 194 is divided by u.
12
Suppose 3*t - 162 = -4*a, 5*a = 2*t + 95 + 96. What is the remainder when a is divided by 10?
9
Let v(s) = -10*s - 4. Let i(y) = 10*y + 3. Let j(h) = 2*i(h) + 3*v(h). Calculate the remainder when 119 is divided by j(-3).
23
Let y(d) = -16*d**2 - 3. Let h be y(-3). Let t = h + 82. Let z = -24 - t. What is the remainder when z is divided by 11?
8
Let m(o) = 3*o - 11. Let h(j) = -j - 7. Let w be h(0). Let r(d) = d - 4. Let u(g) = w*r(g) + 2*m(g). Calculate the remainder when 43 is divided by u(-5).
10
Suppose -7*a = -423 + 24. What is the remainder when 96 is divided by a?
39
Let u = -462 - -642. What is the remainder when u is divided by 27?
18
Let v = 697 - 684. Calculate the remainder when 50 is divided by v.
11
Suppose 115 = 5*z + 3*y, 0 = -2*z + 4*y - 5*y + 46. What is the remainder when z is divided by 10?
3
Suppose -4*q + 20 = -4*v, 0*q + 20 = -4*v - 4*q. Let p = v - -1. What is the remainder when 64 is divided by (-117)/6*p/6?
12
Let u = 19 - 33. Let n be (-2)/5*(u + 4). Suppose 4*h - 28 = -n. Calculate the remainder when h is divided by 4.
2
Let q(v) = v**3 - 19*v**2 + 10. Calculate the remainder when q(23) is divided by 19.
17
Suppose -30*i = -112*i + 2788. What is the remainder when 364 is divided by i?
24
Let i(t) = 10*t**3 - 4*t**2 + 2*t - 6. Let k(v) = 29*v**3 - 12*v**2 + 6*v - 17. Let q(z) = -17*i(z) + 6*k(z). What is the remainder when 77 is divided by q(2)?
17
Let n(h) = 7*h**3 - 5*h**2 - h. Let g(z) = -10*z**3 + 7*z**2 + 2*z. Let i(r) = 5*g(r) + 7*n(r). Calculate the remainder when i(-4) is divided by 11.
8
Let x = 1283 - 907. What is the remainder when x is divided by 42?
40
Let a = -471 + 481. What is the remainder when 141 is divided by a?
1
Suppose 319*d = 326*d - 490. Let q = -26 - -42. Let l = q - -2. What is the remainder when d is divided by l?
16
Suppose 0 = h - 236 - 124. Suppose -16*l + h = -10*l. Calculate the remainder when l is divided by 13.
8
Let x(h) = -2*h + 30. Suppose i = 5*c + 101 - 38, -3 = c. Let b = i + 55. Calculate the remainder when b is divided by x(2).
25
Let q = 28 + -26. Suppose 5*s - 35 = 5*v, -q*s - 2*v = -3*s + 7. What is the remainder when 33 is divided by s?
5
Let j = -52 - -63. Suppose 6 = z + z. Suppose -2*d = 2*d - 4, z*x - 5*d = 13. What is the remainder when j is divided by x?
5
Suppose 2*b + 4 - 74 = 0. Calculate the remainder when b is divided by 12.
11
Let m = -31 + 13. Let u = 32 + m. What is the remainder when u is divided by 6?
2
Let k = 209 + -63. Calculate the remainder when k is divided by 74.
72
Suppose -8*k = -14 - 2. Suppose 2*p = -k*m + 16, -4*p - 33 = -5*m - 2*p. Calculate the remainder when 12 is divided by m.
5
Suppose 3*r = 3*b + 23 - 164, 4*r + 53 = b. Suppose -b*m + 44*m = -3. Calculate the remainder when m is divided by 2.
1
Let w(h) = 2*h**2 - 31. Calculate the remainder when w(-6) is divided by 16.
9
Let y(w) = -w - 5. Let n be (-7 - 0) + (-1)/(-1). Let q be y(n). What is the remainder when q/((-1)/(-5) + 0) is divided by 4?
1
Suppose 14*j = -18*j + 256. Let k = -58 + 151. Suppose 2*a = -a + k. What is the remainder when a is divided by j?
7
Suppose 0*k - 78 = -3*k. Let a = k - 9. Suppose -4*t = -0*g - 3*g - 130, -2*t + g = -64. Calculate the remainder when t is divided by a.
14
Let t(c) = 28*c - 440. Calculate the remainder when t(18) is divided by 53.
11
Let k be -3*((-16)/(-6) + -1). Let w be (-337)/k + 14/(-35). Suppose 2*i - w + 13 = 0. Calculate the remainder when 106 is divided by i.
25
Suppose 4*d + 5*y - 84 = y, 4*d - 3*y = 56. Let u(z) = 2*z**2 + 31*z + 130. Calculate the remainder when d is divided by u(-8).
7
Suppose -7*j + 4*h + 8 = -4*j, 2*j + 6 = -3*h. Suppose -4*y + y - 24 = j. Calculate the remainder when 26 is divided by 44/6 - y/(-24).
5
Let q = -17 - -24. Suppose -14*f = -8*f. Suppose 0 = -q*y + 35 - f. Calculate the remainder when 12 is divided by y.
2
Calculate the remainder when 169 is divided by (-3)/(-6)*-3*-34.
16
Suppose q - 3*o = -57, 4*o = -3*q + 5*o - 147. Let v = q + 34. Let x = 3 - v. Calculate the remainder when 48 is divided by x.
14
Let d = -22 + 9. Let w = d + 13. Suppose 3*o - 4*o + 4 = w. Calculate the remainder when 10 is divided by o.
2
Suppose -3*x = -2*i + 172, 2*i - 196 = -7*x + 4*x. Calculate the remainder when 1654 is divided by i.
90
Let h = 6 + -21. Calculate the remainder when 177 is divided by (h/(-12))/(3 + (-94)/32).
17
Let y = 1642 - -71. What is the remainder when y is divided by 26?
23
Let f = 323 - 253. Calculate the remainder when f is divided by 20.
10
Let r(q) = 10*q + 12. What is the remainder when r(3) is divided by 17?
8
Let k = 1 - -1. Suppose 5*m - k*m - 25 = 5*a, 28 = 4*m - 4*a. Suppose 3*i + m*w - 187 = 0, 3*i - 3*w - 209 = -62. What is the remainder when i is divided by 14?
12
Let a = 24 + -12. Calculate the remainder when 5*(-4)/(-10) - -28 is divided by a.
6
Suppose -l + 68 = 3*l - 4*u, u = -5*l + 55. Calculate the remainder when 25 is divided by ((-13)/1)/(l - 13).
12
Let i = 906 - 900. Calculate the remainder when 73 is divided by i.
1
Calculate the remainder when 323 is divided by (47 + -14)*3/9.
4
Let h(z) = 199*z**3 - 4*z**2 + 5*z - 2. Suppose -4*r = 3*c - 0*r - 52, 0 = c + 4*r - 12. Calculate the remainder when h(1) is divided by c.
18
Let m(q) = -q**3 - 7*q**2 - 8*q - 5. Suppose -7 + 25 = -3*w - i, 5*w + 5*i + 30 = 0. Calculate the remainder when 47 is divided by m(w).
5
Suppose -9 - 15 = 6*y. Suppose 25 = 5*p + 4*q, 0 = -3*p - q + 10 - 2. What is the remainder when (-15)/(-20) + (-1)/y is divided by p?
0
Suppose 0*i + 1860 = 30*i. Let s = 22 + -6. What is the remainder when i is divided by s?
14
Let c be ((-76)/3)/(1*(-7)/21). Suppose 5*a - c = -2*d, 4*d + 3*a - 26 - 112 = 0. What is the remainder when d is divided by 3?
0
Suppose -3 = f - 1. Let u be ((-9)/(9/20))/f. Suppose -2*s = -u - 8. Calculate the remainder when s is divided by 3.
0
Suppose -3*l + 4 = -8. Let r(b) = 7*b + 45. Let j = 8 + 7. What is the remainder when r(l) is divided by j?
13
Let o = -257 - -368. Calculate the remainder when 218 is divided by o.
107
Let p = -1091 + 1093. Calculate the remainder when (-13)/(-5) + (-12)/(-30) is divided by p.
1
Suppose 3*j - 2*s = 1027, -17*j + s + 683 = -15*j. What is the remainder when j is divided by 20?
19
Suppose 0 = 3*u - 1692 - 1866. Suppose -u = 5*s - 106. Let r = 310 + s. Calculate the remainder when r is divided by 19.
18
Let x(s) = -5*s + 214. What is the remainder when 203 is divided by x(36)?
33
Let u(g) = -2*g - 1. Let x(q) = -10*q - 62. Let j(d) = 4*u(d) - x(d). Calculate the remainder when j(12) is divided by 30.
22
Let b(k) = 4*k + 35. Let v(z) = 6*z + 52. Let u(a) = 8*b(a) - 5*v(a). Calculate the remainder when 164 is divided by u(11).
38
Let i(b)